hat is the highest common factor of u and w?
54
Suppose 1529*b - 26076 = 1447*b. What is the greatest common factor of 1643 and b?
53
Let a be ((-2)/(-6))/((-9)/(-2052)). Suppose 0 = 18*t - 20*t - a. Let x = 42 + t. Calculate the greatest common divisor of 2 and x.
2
Let k(l) = 2*l**3 - 14*l**2 - 6*l - 4. Let w be k(7). Let j = w - -85. What is the greatest common divisor of 78 and j?
39
Suppose 4*h - 520 = 136. Suppose 23 = 6*v - 7. Suppose v*f - 209 + 4 = 0. Calculate the highest common divisor of f and h.
41
Let l = -35 + -64. Let d = 110 + l. Let r be 1/(-3*(-3)/9). Calculate the highest common factor of r and d.
1
Let t be 5/(-50)*-2*55. Suppose t = -12*y + 13*y + 5*j, 5*j = 4*y - 69. Calculate the highest common divisor of y and 272.
16
Let u = 5 - 3. Suppose n = 3*n + 8, 0 = -4*c + u*n + 20. Suppose -4*g - 88 = -2*z, z = 5*z + c*g - 176. What is the greatest common divisor of z and 66?
22
Let b(s) = s**2 + 10 - 12 - 7 + 3*s - 8 - s**3. Let m be b(0). Let u(z) = z + 34. Let p be u(m). Calculate the greatest common factor of p and 17.
17
Let y be (-4)/10*(-2)/(32/22760). Let u = y + -353. What is the greatest common divisor of u and 6?
6
Suppose -x = 2*l - 764, 4*l + 4*x = 2652 - 1116. Calculate the greatest common factor of 1292 and l.
76
Suppose -10*g - 81 = -21. Let x be g/(-4) - -5 - (-6)/(-4). Let s be (78/4)/((-8)/((-160)/6)). Calculate the highest common factor of x and s.
5
Let i(d) = 46*d - 374. Let h be i(9). Let g be 32 + (-2)/(-8) + (-2)/8. What is the highest common factor of g and h?
8
Let s be (-4)/2*(2 - (-27)/(-6)). Suppose -5*c + a = -343, 59 = -c + 2*c - s*a. Calculate the highest common divisor of c and 92.
23
Suppose 785 = -17*f + 3165. Let a = 180 - f. Let u(q) = 40*q**2. Let h be u(2). What is the highest common factor of a and h?
40
Let l = 29 + -13. Suppose -i = -2*y + 514 + 83, 0 = -2*y + 9*i + 637. Calculate the highest common divisor of l and y.
8
Let c be 1/(-1)*(-45)/1. Let z(b) = -b**2 - b**2 + 2*b + 64 + 9*b**2 - 16. Let y be z(7). What is the highest common factor of y and c?
45
Suppose 3*t + 11 = -7. Let q = t - -8. Suppose -q*v = -4*v + 24. What is the highest common factor of v and 8?
4
Suppose 9*l - 2*l - 56 = 0. Let d(c) = c**2 - 7*c + 6. Let f be d(l). Suppose -f*x = -5*x - 720. What is the highest common factor of x and 32?
16
Let m(q) = q + 22. Let x be m(-18). Suppose h - 4 = x. Let j be (81/(-36))/(9/(-48)). What is the highest common divisor of h and j?
4
Let o(j) = 33*j - 49. Let c be o(7). Suppose 2*f - 4*f - 94 = -v, -c = -2*v + f. Calculate the greatest common factor of v and 9.
9
Let j(n) = 6*n**3 - 6*n**2 - 11*n + 34. Let z be j(2). What is the highest common factor of z and 3192?
12
Suppose -64*x = -2*f - 69*x + 944, 3*x = 2*f - 848. Let m(h) = 5*h**2 - 4*h - 3. Let s be m(5). Calculate the highest common factor of s and f.
34
Let q = 24 + -14. Suppose -5743 = -f - 5583. What is the highest common factor of q and f?
10
Suppose 16 = 5*r - r, -5*r = -4*p - 4. Let b(x) = 130*x + 20. Let d be b(p). Suppose -v = 9*v - d. What is the highest common factor of 9 and v?
9
Suppose 56 = -4*j + 232. Let m = 5128 + -4996. Calculate the greatest common factor of m and j.
44
Suppose -2 = s - 4. Let q be s/(93/(-270) - (-12)/30). Suppose 42 = 3*m - 2*b, -4*b = -3*m - 0*b + q. Calculate the greatest common divisor of m and 144.
16
Suppose 49*h - 81503 - 125963 = 0. Calculate the greatest common factor of h and 146.
146
Let a = 5669 + -5625. What is the highest common factor of a and 176?
44
Let p(y) = -y + 25. Let t be p(8). Let i = -15 - t. Let x be 1146/16 - 12/i. What is the greatest common divisor of x and 9?
9
Suppose 2*f - 16 = 0, -5*j + 1212 = f + 14. What is the highest common divisor of j and 340?
34
Suppose -22 = 5*v - 3*v - 4*g, -4*g = 4. Let r = 26 - v. What is the highest common divisor of r and 39?
39
Suppose 648558 = 207*c + 56*c. Calculate the greatest common factor of 63 and c.
9
Suppose -5*p - 5*x + 70 = 0, 2*p + 5*x - 28 = 7*x. Let j = 24 + -18. What is the highest common factor of p and j?
2
Suppose -341350 = -177*t - 127*t + 42906. Calculate the greatest common divisor of t and 608.
16
Let m(d) = -1408*d**3 + 8*d**2 - 19*d - 54. Let k be m(-2). What is the highest common factor of 720 and k?
240
Let q be 6069/102 - 2/(-4). Suppose 0 = 4*k - 113 + 33. Calculate the highest common factor of q and k.
20
Let d(v) = 5*v**2 - 3*v + 2. Let q be d(1). Suppose 0*w = -q*w + 2024. Let n be -3 - 33/(-9) - w/(-6). Calculate the greatest common divisor of 17 and n.
17
Let k be ((-5)/(-1))/((-9 - -19) + -9). Calculate the highest common factor of k and 3470.
5
Suppose 17*u + 1454 - 11246 = -17*u. Calculate the greatest common divisor of 1664 and u.
32
Let o be 10/(-3)*((-91)/(-35) - 5). Let z be (-9466)/(-8) - o/32. What is the greatest common factor of z and 91?
91
Let n be 49679/(-3171)*(11/(-4) + 2)*4. What is the highest common divisor of n and 30409?
47
Suppose -k - 4*b = -9, 48*b - 72 = -2*k + 49*b. What is the greatest common factor of 477 and k?
3
Let z = -23 + 29. Suppose 7*m - z = 3*i + 4*m, 0 = i + m - 8. Let y(a) = -a**3 + 6*a**2 - 6*a + 4. Let o be y(4). What is the greatest common factor of i and o?
3
Let q = 117 + -202. Let v = q - -119. Let g = -26 + v. What is the highest common factor of 32 and g?
8
Suppose 5*f = 3*n + 1592, 276 - 604 = -f + 3*n. Calculate the greatest common divisor of f and 553.
79
Let u(a) = a**3 - 16*a**2 - 17*a + 2. Let v be u(17). Let o be 1/(-6*v/(-336)). What is the greatest common factor of o and 644?
28
Suppose 0 = 4*c + 2*t - 568, -c - 2*t + 120 = -28. Calculate the highest common factor of 12530 and c.
70
Suppose -3*y + 2 = 2*l, 5*l - 1 = -2*y + 15. Suppose 4*j + 16 + l = 0. Let m be (-4)/j - 99/55 - -21. Calculate the greatest common divisor of 240 and m.
20
Suppose -4*b = -5*q + 309, 2*b + 34 = 2*q - 88. What is the greatest common divisor of 910 and q?
65
Let g(a) = 6*a**2 + 64*a + 143. Let m be g(-8). Calculate the highest common factor of 235 and m.
5
Suppose -250*y - 450110 = -353*y. What is the greatest common divisor of y and 1495?
115
Let z = 29 + -22. Let n(a) = -a**3 + 16*a**2 + 19*a - 30. Let x be n(17). Let k = z - x. What is the greatest common factor of k and 12?
3
Let o = 505 + -441. Let x = -63 + o. Let i = 1 - 0. What is the greatest common divisor of x and i?
1
Let u(s) = s**3 - 4*s**2 + 74*s - 523. Let f be u(7). Calculate the highest common divisor of f and 9088.
142
Let c(g) = 2*g**2 - 85*g - 402. Let q be c(47). What is the highest common divisor of q and 4928?
7
Let y be 2/(-5) + 36/(-10). Let j be ((-8*3)/(-1)*1/(-2))/(-1). Let m = y + j. What is the highest common divisor of 2 and m?
2
Let s(r) = r + 62. Suppose 5*a + 72 + 28 = 0. Let c be s(a). What is the highest common factor of c and 12?
6
Suppose 470*z + l + 280 = 471*z, 5*z - 1400 = -3*l. Calculate the highest common divisor of z and 960.
40
Suppose 0 = -4*k + 146 - 118. Suppose 0 = k*u - 1185 + 289. Calculate the greatest common divisor of 112 and u.
16
Let y(j) = -j + 76. Suppose -6*a = -4*a + 2*k + 6, a = -5*k + 5. Let i be (a - -3) + 1 + 1. Let q be y(i). What is the highest common factor of 19 and q?
19
Let o be 1/2 - 30/4. Let u(h) = -h**3 - 28*h**2 - 31*h - 109. Let x be u(-27). Let t be o/14 + (x - (-46)/4). Calculate the highest common factor of t and 80.
10
Suppose 0 = 27*s - 9*s + 270. Let y be 139 + ((-73)/s - 8/(-60)). What is the highest common factor of y and 9?
9
Suppose 22*a - 16*a - 822 = 0. Let b = 225 - a. Calculate the greatest common divisor of 484 and b.
44
Suppose -9*v + 896 = 193 - 791. What is the greatest common factor of v and 6142?
166
Let u be 6/(2 + 9/(-6)). Let p(d) = -d**2 + 37*d - 282. Let j be p(22). Calculate the greatest common divisor of u and j.
12
Let x(u) = 29*u**2 + 15*u + 46. Let s be x(-6). Suppose -1003*l = -s*l - 1776. Calculate the greatest common factor of 16 and l.
16
Let k be 5/((-20)/32) + 8. Suppose r + 2*u - 44 = 0, k = 2*r - 5*u - 78 - 46. What is the highest common factor of r and 156?
52
Suppose 0 = 2*d - 31 + 27. Suppose 0 = 4*o + 3*k - k - 50, -4*o + 54 = -d*k. What is the highest common factor of o and 169?
13
Let x = -68 - -78. Let v be ((-151)/(-3) + -2)/(11/198). Calculate the greatest common factor of x a